{"id":184,"date":"2022-03-18T22:47:55","date_gmt":"2022-03-18T22:47:55","guid":{"rendered":"https:\/\/plansaludando.com\/costa-rica\/?page_id=184"},"modified":"2025-02-14T22:15:15","modified_gmt":"2025-02-14T22:15:15","slug":"app-saludando","status":"publish","type":"page","link":"https:\/\/plansaludando.com\/costa-rica\/app-saludando\/","title":{"rendered":"App SaludAndo"},"content":{"rendered":"<div class=\"wpb-content-wrapper\"><p>[vc_row el_class=&#8221;section-heading&#8221;][vc_column]        <div class=\"baumchild_custom_heading col p-0 text-center \"><!-- cS-hidden -->\r\n            <div style=\"height: 35px\" class=\"col p-0\">&nbsp;<\/div>\r\n            <div class=\"baumchild_custom_heading_content mw-720\">\r\n                <p>\u00a1Opa!<\/p>\r\n                <h1>Nuestra app <strong>Salud<em>Ando<\/em><\/strong><\/h1>\n                <p>A diferencia de otros planes, SaludAndo cuenta con una aplicaci\u00f3n que le permite llevar un control de su ahorro acumulado y acceder a muchos m\u00e1s beneficios.<\/p>\r\n            <\/div>\r\n            <div style=\"height: 35px\" class=\"col p-0\">&nbsp;<\/div>\r\n        <\/div>\r\n        [\/vc_column][\/vc_row][vc_row el_class=&#8221;section-content app-saludando&#8221;][vc_column width=&#8221;1\/2&#8243; css=&#8221;.vc_custom_1647882444247{background-color: #d2ebfe !important;}&#8221;][vc_column_text]Registro<\/p>\n<h2>De manera f\u00e1cil y r\u00e1pida<\/h2>\n<p>Sin formularios interminables o largas llamadas, registrarse en SaludAndo es tan f\u00e1cil como descargar nuestra aplicaci\u00f3n. \u00a1Desc\u00e1rguela ya y reg\u00edstrese en pocos minutos![\/vc_column_text][vc_row_inner][vc_column_inner]<style><\/style><div class=\"wpb-content-wrapper\"><p>[vc_row el_class=&#8221;apps&#8221;][vc_column][vc_single_image image=&#8221;65&#8243; img_size=&#8221;full&#8221; onclick=&#8221;custom_link&#8221; css=&#8221;&#8221; link=&#8221;https:\/\/play.google.com\/store\/apps\/details?id=com.baum.loyalty.saludando&#8221;][vc_single_image image=&#8221;62&#8243; img_size=&#8221;full&#8221; onclick=&#8221;custom_link&#8221; css=&#8221;&#8221; link=&#8221;https:\/\/apps.apple.com\/us\/app\/saludando\/id1665222986&#8243;][\/vc_column][\/vc_row]<\/p>\n<\/div>[\/vc_column_inner][\/vc_row_inner][\/vc_column][vc_column width=&#8221;1\/2&#8243; el_class=&#8221;add_division&#8221; css=&#8221;.vc_custom_1647882434799{background-color: #d2ebfe !important;}&#8221;][vc_single_image image=&#8221;708&#8243; img_size=&#8221;full&#8221; alignment=&#8221;center&#8221; css=&#8221;&#8221;][\/vc_column][\/vc_row][vc_row el_class=&#8221;section-content app-saludando&#8221;][vc_column width=&#8221;1\/2&#8243; css=&#8221;.vc_custom_1647882472755{background-color: #eeceef !important;}&#8221;][vc_column_text]Registro<\/p>\n<h2>Acumule desde la primera compra<\/h2>\n<p>Por cada compra de productos Sandoz participantes, usted recibe un monto como ahorro, el cual puede verlo en su aplicaci\u00f3n y usarlo como descuento en su pr\u00f3xima compra o cuando lo desee.[\/vc_column_text][vc_row_inner][vc_column_inner]<style><\/style><div class=\"wpb-content-wrapper\"><p>[vc_row el_class=&#8221;apps&#8221;][vc_column][vc_single_image image=&#8221;65&#8243; img_size=&#8221;full&#8221; onclick=&#8221;custom_link&#8221; css=&#8221;&#8221; link=&#8221;https:\/\/play.google.com\/store\/apps\/details?id=com.baum.loyalty.saludando&#8221;][vc_single_image image=&#8221;62&#8243; img_size=&#8221;full&#8221; onclick=&#8221;custom_link&#8221; css=&#8221;&#8221; link=&#8221;https:\/\/apps.apple.com\/us\/app\/saludando\/id1665222986&#8243;][\/vc_column][\/vc_row]<\/p>\n<\/div>[\/vc_column_inner][\/vc_row_inner][\/vc_column][vc_column width=&#8221;1\/2&#8243; el_class=&#8221;add_division&#8221; css=&#8221;.vc_custom_1647882465950{background-color: #eeceef !important;}&#8221;][vc_single_image image=&#8221;220&#8243; img_size=&#8221;full&#8221; alignment=&#8221;center&#8221;][\/vc_column][\/vc_row][vc_row el_class=&#8221;section-content app-saludando&#8221;][vc_column width=&#8221;1\/2&#8243; css=&#8221;.vc_custom_1647883195168{background-color: #e8e8e8 !important;}&#8221;][vc_column_text]Seguimiento<\/p>\n<h2>Conozca su acumulado<\/h2>\n<p>Con el Plan Saludando usted mismo tiene el control, ya que podr\u00e1 tener conocimiento de su acumulado en tiempo real .<\/p>\n<div id=\"simple-translate\" class=\"simple-translate-dark-theme\">\n<div>\n<div class=\"simple-translate-button isShow\" style=\"background-image: url('moz-extension:\/\/a99fbff9-4f0b-407b-84c9-d9d53be19fd4\/icons\/512.png'); height: 22px; width: 22px; top: 129px; left: 214px;\"><\/div>\n<div class=\"simple-translate-panel \" style=\"width: 300px; height: 200px; top: 0px; left: 0px; font-size: 13px;\">\n<div class=\"simple-translate-result-wrapper\" style=\"overflow: hidden;\">\n<div class=\"simple-translate-move\" draggable=\"true\"><\/div>\n<div class=\"simple-translate-result-contents\">\n<p class=\"simple-translate-candidate\" dir=\"auto\"><\/div>\n<\/div>\n<\/div>\n<\/div>\n<\/div>\n<p>[\/vc_column_text][vc_row_inner][vc_column_inner]<style><\/style><div class=\"wpb-content-wrapper\"><p>[vc_row el_class=&#8221;apps&#8221;][vc_column][vc_single_image image=&#8221;65&#8243; img_size=&#8221;full&#8221; onclick=&#8221;custom_link&#8221; css=&#8221;&#8221; link=&#8221;https:\/\/play.google.com\/store\/apps\/details?id=com.baum.loyalty.saludando&#8221;][vc_single_image image=&#8221;62&#8243; img_size=&#8221;full&#8221; onclick=&#8221;custom_link&#8221; css=&#8221;&#8221; link=&#8221;https:\/\/apps.apple.com\/us\/app\/saludando\/id1665222986&#8243;][\/vc_column][\/vc_row]<\/p>\n<\/div>[\/vc_column_inner][\/vc_row_inner][\/vc_column][vc_column width=&#8221;1\/2&#8243; el_class=&#8221;add_division&#8221; css=&#8221;.vc_custom_1647882943821{background-color: #e8e8e8 !important;}&#8221;][vc_single_image image=&#8221;709&#8243; img_size=&#8221;full&#8221; alignment=&#8221;center&#8221; css=&#8221;&#8221;][\/vc_column][\/vc_row][vc_row el_class=&#8221;section-content app-saludando&#8221;][vc_column width=&#8221;1\/2&#8243; css=&#8221;.vc_custom_1647883265914{background-color: #ffcc00 !important;}&#8221;][vc_column_text]App<\/p>\n<h2>Viva la experiencia completa<\/h2>\n<p>Descargue nuestra app y reciba promociones exclusivas, avisos importantes, contenido de inter\u00e9s y mucho m\u00e1s.[\/vc_column_text][vc_row_inner][vc_column_inner]<style><\/style><div class=\"wpb-content-wrapper\"><p>[vc_row el_class=&#8221;apps&#8221;][vc_column][vc_single_image image=&#8221;65&#8243; img_size=&#8221;full&#8221; onclick=&#8221;custom_link&#8221; css=&#8221;&#8221; link=&#8221;https:\/\/play.google.com\/store\/apps\/details?id=com.baum.loyalty.saludando&#8221;][vc_single_image image=&#8221;62&#8243; img_size=&#8221;full&#8221; onclick=&#8221;custom_link&#8221; css=&#8221;&#8221; link=&#8221;https:\/\/apps.apple.com\/us\/app\/saludando\/id1665222986&#8243;][\/vc_column][\/vc_row]<\/p>\n<\/div>[\/vc_column_inner][\/vc_row_inner][\/vc_column][vc_column width=&#8221;1\/2&#8243; el_class=&#8221;add_division&#8221; css=&#8221;.vc_custom_1647883258205{background-color: #ffcc00 !important;}&#8221;][vc_single_image image=&#8221;714&#8243; img_size=&#8221;full&#8221; alignment=&#8221;center&#8221; css=&#8221;&#8221;][\/vc_column][\/vc_row][vc_row el_class=&#8221;section-content app-saludando&#8221;][vc_column width=&#8221;1\/2&#8243; css=&#8221;.vc_custom_1647883509218{background-color: #6298ce !important;}&#8221;][vc_column_text]M\u00e1s que un plan<\/p>\n<h2>Contenido pensado en usted<\/h2>\n<p>En su app SaludAndo usted encontrar\u00e1 art\u00edculos con informaci\u00f3n pr\u00e1ctica y de inter\u00e9s para que los pacientes y cuidadores puedan disfrutar juntos.[\/vc_column_text][vc_row_inner][vc_column_inner]<style><\/style><div class=\"wpb-content-wrapper\"><p>[vc_row el_class=&#8221;apps&#8221;][vc_column][vc_single_image image=&#8221;65&#8243; img_size=&#8221;full&#8221; onclick=&#8221;custom_link&#8221; css=&#8221;&#8221; link=&#8221;https:\/\/play.google.com\/store\/apps\/details?id=com.baum.loyalty.saludando&#8221;][vc_single_image image=&#8221;62&#8243; img_size=&#8221;full&#8221; onclick=&#8221;custom_link&#8221; css=&#8221;&#8221; link=&#8221;https:\/\/apps.apple.com\/us\/app\/saludando\/id1665222986&#8243;][\/vc_column][\/vc_row]<\/p>\n<\/div>[\/vc_column_inner][\/vc_row_inner][\/vc_column][vc_column width=&#8221;1\/2&#8243; el_class=&#8221;add_division&#8221; css=&#8221;.vc_custom_1647883500687{background-color: #6298ce !important;}&#8221;][vc_single_image image=&#8221;711&#8243; img_size=&#8221;full&#8221; alignment=&#8221;center&#8221; css=&#8221;&#8221;][\/vc_column][\/vc_row][vc_row][vc_column][vc_empty_space height=&#8221;50px&#8221;][\/vc_column][\/vc_row]<\/p>\n<\/div>","protected":false},"excerpt":{"rendered":"<p>[vc_row el_class=&#8221;section-heading&#8221;][vc_column][\/vc_column][\/vc_row][vc_row el_class=&#8221;section-content app-saludando&#8221;][vc_column width=&#8221;1\/2&#8243; css=&#8221;.vc_custom_1647882444247{background-color: #d2ebfe !important;}&#8221;][vc_column_text]Registro De manera f\u00e1cil y r\u00e1pida Sin formularios interminables o largas llamadas, registrarse en SaludAndo es tan f\u00e1cil como descargar nuestra aplicaci\u00f3n. \u00a1Desc\u00e1rguela ya y reg\u00edstrese en pocos minutos![\/vc_column_text][vc_row_inner][vc_column_inner][\/vc_column_inner][\/vc_row_inner][\/vc_column][vc_column width=&#8221;1\/2&#8243; el_class=&#8221;add_division&#8221; css=&#8221;.vc_custom_1647882434799{background-color: #d2ebfe !important;}&#8221;][vc_single_image image=&#8221;708&#8243; img_size=&#8221;full&#8221; alignment=&#8221;center&#8221; css=&#8221;&#8221;][\/vc_column][\/vc_row][vc_row el_class=&#8221;section-content app-saludando&#8221;][vc_column width=&#8221;1\/2&#8243; css=&#8221;.vc_custom_1647882472755{background-color: #eeceef !important;}&#8221;][vc_column_text]Registro Acumule desde la primera&hellip;<\/p>\n","protected":false},"author":1,"featured_media":0,"parent":0,"menu_order":0,"comment_status":"closed","ping_status":"closed","template":"","meta":{"_acf_changed":false,"inline_featured_image":false,"footnotes":""},"class_list":["post-184","page","type-page","status-publish","hentry","entry"],"acf":[],"_links":{"self":[{"href":"https:\/\/plansaludando.com\/costa-rica\/wp-json\/wp\/v2\/pages\/184","targetHints":{"allow":["GET"]}}],"collection":[{"href":"https:\/\/plansaludando.com\/costa-rica\/wp-json\/wp\/v2\/pages"}],"about":[{"href":"https:\/\/plansaludando.com\/costa-rica\/wp-json\/wp\/v2\/types\/page"}],"author":[{"embeddable":true,"href":"https:\/\/plansaludando.com\/costa-rica\/wp-json\/wp\/v2\/users\/1"}],"replies":[{"embeddable":true,"href":"https:\/\/plansaludando.com\/costa-rica\/wp-json\/wp\/v2\/comments?post=184"}],"version-history":[{"count":6,"href":"https:\/\/plansaludando.com\/costa-rica\/wp-json\/wp\/v2\/pages\/184\/revisions"}],"predecessor-version":[{"id":715,"href":"https:\/\/plansaludando.com\/costa-rica\/wp-json\/wp\/v2\/pages\/184\/revisions\/715"}],"wp:attachment":[{"href":"https:\/\/plansaludando.com\/costa-rica\/wp-json\/wp\/v2\/media?parent=184"}],"curies":[{"name":"wp","href":"https:\/\/api.w.org\/{rel}","templated":true}]}}