{"id":908,"date":"2025-10-08T23:08:33","date_gmt":"2025-10-08T23:08:33","guid":{"rendered":"https:\/\/plansaludando.com\/costa-rica\/?page_id=908"},"modified":"2025-10-08T23:11:37","modified_gmt":"2025-10-08T23:11:37","slug":"promo-code-palig","status":"publish","type":"page","link":"https:\/\/plansaludando.com\/costa-rica\/promo-code-palig\/","title":{"rendered":"Promo Code Palig"},"content":{"rendered":"<div class=\"wpb-content-wrapper\"><p>[vc_row full_width=&#8221;stretch_row&#8221; content_placement=&#8221;bottom&#8221; css=&#8221;.vc_custom_1758669661776{background-color: #FAC0BA !important;}&#8221;][vc_column css=&#8221;.vc_custom_1751998296296{margin-top: 0px !important;margin-bottom: 0px !important;padding-top: 0px !important;padding-bottom: 0px !important;}&#8221; offset=&#8221;vc_col-lg-6 vc_col-md-6&#8243;][vc_custom_heading text=&#8221;Productos participantes<br \/>\nPromo Code de Palig&#8221; font_container=&#8221;tag:h1|text_align:left&#8221; use_theme_fonts=&#8221;yes&#8221; css=&#8221;&#8221;][\/vc_column][vc_column width=&#8221;1\/2&#8243; offset=&#8221;vc_hidden-sm vc_hidden-xs&#8221; css=&#8221;.vc_custom_1751997140410{margin-top: 0px !important;margin-bottom: 0px !important;padding-top: 0px !important;padding-bottom: 0px !important;}&#8221;][vc_single_image image=&#8221;909&#8243; img_size=&#8221;507&#215;129&#8243; alignment=&#8221;right&#8221; css=&#8221;.vc_custom_1759964905980{margin-top: 0px !important;margin-bottom: 0px !important;padding-top: 0px !important;padding-bottom: 0px !important;}&#8221;][\/vc_column][\/vc_row][vc_row css_animation=&#8221;fadeIn&#8221; el_id=&#8221;productos&#8221; css=&#8221;.vc_custom_1751998654722{margin-right: 0px !important;margin-left: 0px !important;padding-right: 0px !important;padding-left: 0px !important;}&#8221;][vc_column css=&#8221;.vc_custom_1751998484403{margin-top: 0px !important;margin-right: 0px !important;margin-bottom: 0px !important;margin-left: 0px !important;padding-top: 0px !important;padding-right: 0px !important;padding-bottom: 0px !important;padding-left: 0px !important;}&#8221;][vc_raw_html css=&#8221;&#8221;]JTVCbmluamFfdGFibGVzJTIwaWQlM0QlMjI5MDclMjIlNUQ=[\/vc_raw_html][vc_column_text css=&#8221;&#8221; el_class=&#8221;disclaimer&#8221;]<span lang=\"ES\">La factura utilizada para Promo Code o Doctor Code no acumula Monedas SaludAndo (puntos del plan). Las mec\u00e1nicas de Promo Code SaludAndo corresponden a un beneficio o descuento que debe reflejarse en la factura al momento de la compra, por favor solic\u00edtelo a su farmacia. Beneficio a recibir y productos var\u00edan seg\u00fan el c\u00f3digo promocional que se aplique al momento de la compra. En el caso de c\u00f3digos relacionados a copago, se debe validar el porcentaje de \u00e9ste aplicable seg\u00fan las condiciones de su seguro. Vigencia seg\u00fan fecha de encabezado o hasta agotar existencias de c\u00f3digos emitidos. Sandoz puede limitar la cantidad de usos por paciente suscrito. Este c\u00f3digo promocional es aplicable solo en farmacias participantes del Plan SaludAndo. Consulte el listado de farmacias participantes, productos participantes, T\u00e9rminos y Condiciones, y Aviso de privacidad en <a href=\"https:\/\/plansaludando.com\" target=\"_blank\" rel=\"noopener\" data-saferedirecturl=\"https:\/\/www.google.com\/url?q=http:\/\/plansaludando.com&amp;source=gmail&amp;ust=1759427814877000&amp;usg=AOvVaw1oCcsXgGCLo_HAEFMpo7LZ\">plansaludando.com<\/a>. Condiciones sujetas a cambios. Mec\u00e1nica valida \u00fanicamente en el pa\u00eds donde se visita al m\u00e9dico o farmacia al que se ha asignado este c\u00f3digo. Para m\u00e1s informaci\u00f3n dir\u00edjase a su farmacia participante de preferencia.<\/span>[\/vc_column_text][\/vc_column][\/vc_row][vc_row][vc_column][vc_column_text css=&#8221;&#8221;]CC2510087063 APP: OCT 2025[\/vc_column_text][\/vc_column][\/vc_row]<\/p>\n<\/div>","protected":false},"excerpt":{"rendered":"<p>[vc_row full_width=&#8221;stretch_row&#8221; content_placement=&#8221;bottom&#8221; css=&#8221;.vc_custom_1758669661776{background-color: #FAC0BA !important;}&#8221;][vc_column css=&#8221;.vc_custom_1751998296296{margin-top: 0px !important;margin-bottom: 0px !important;padding-top: 0px !important;padding-bottom: 0px !important;}&#8221; offset=&#8221;vc_col-lg-6 vc_col-md-6&#8243;][vc_custom_heading text=&#8221;Productos participantes Promo Code de Palig&#8221; font_container=&#8221;tag:h1|text_align:left&#8221; use_theme_fonts=&#8221;yes&#8221; css=&#8221;&#8221;][\/vc_column][vc_column width=&#8221;1\/2&#8243; offset=&#8221;vc_hidden-sm vc_hidden-xs&#8221; css=&#8221;.vc_custom_1751997140410{margin-top: 0px !important;margin-bottom: 0px !important;padding-top: 0px !important;padding-bottom: 0px !important;}&#8221;][vc_single_image image=&#8221;909&#8243; img_size=&#8221;507&#215;129&#8243; alignment=&#8221;right&#8221; css=&#8221;.vc_custom_1759964905980{margin-top: 0px !important;margin-bottom: 0px !important;padding-top: 0px !important;padding-bottom: 0px !important;}&#8221;][\/vc_column][\/vc_row][vc_row css_animation=&#8221;fadeIn&#8221; el_id=&#8221;productos&#8221; css=&#8221;.vc_custom_1751998654722{margin-right: 0px !important;margin-left:&hellip;<\/p>\n","protected":false},"author":1,"featured_media":0,"parent":0,"menu_order":0,"comment_status":"closed","ping_status":"closed","template":"page-faqs.php","meta":{"_acf_changed":false,"inline_featured_image":false,"footnotes":""},"class_list":["post-908","page","type-page","status-publish","hentry","entry"],"acf":[],"_links":{"self":[{"href":"https:\/\/plansaludando.com\/costa-rica\/wp-json\/wp\/v2\/pages\/908","targetHints":{"allow":["GET"]}}],"collection":[{"href":"https:\/\/plansaludando.com\/costa-rica\/wp-json\/wp\/v2\/pages"}],"about":[{"href":"https:\/\/plansaludando.com\/costa-rica\/wp-json\/wp\/v2\/types\/page"}],"author":[{"embeddable":true,"href":"https:\/\/plansaludando.com\/costa-rica\/wp-json\/wp\/v2\/users\/1"}],"replies":[{"embeddable":true,"href":"https:\/\/plansaludando.com\/costa-rica\/wp-json\/wp\/v2\/comments?post=908"}],"version-history":[{"count":4,"href":"https:\/\/plansaludando.com\/costa-rica\/wp-json\/wp\/v2\/pages\/908\/revisions"}],"predecessor-version":[{"id":916,"href":"https:\/\/plansaludando.com\/costa-rica\/wp-json\/wp\/v2\/pages\/908\/revisions\/916"}],"wp:attachment":[{"href":"https:\/\/plansaludando.com\/costa-rica\/wp-json\/wp\/v2\/media?parent=908"}],"curies":[{"name":"wp","href":"https:\/\/api.w.org\/{rel}","templated":true}]}}